{"id":27540,"date":"2021-12-22T15:49:02","date_gmt":"2021-12-22T13:49:02","guid":{"rendered":"https:\/\/agroland.ro\/c\/?page_id=27540"},"modified":"2021-12-22T16:03:49","modified_gmt":"2021-12-22T14:03:49","slug":"furaje-pentru-cresterea-ovinelor","status":"publish","type":"page","link":"https:\/\/agroland.ro\/c\/furaje-pentru-cresterea-ovinelor\/","title":{"rendered":"Furaje pentru cre\u0219terea ovinelor"},"content":{"rendered":"\n<p>Furajele combinate se folosesc \u00een alimenta\u021bia oilor con\u021bin materii prime de cea mai bun\u0103 calitate, ingrediente nutritive optime pentru buna dezvoltarea a mieilor. Magazinele noastre v\u0103 pun la dispozi\u021bie furaje combinate starter \u0219i furaje combinate pentru cre\u0219tere, potrivite pentru etapele incipiente de dezvoltare a mieilor.<\/p>\n\n\n\n<div style=\"height:23px\" aria-hidden=\"true\" class=\"wp-block-spacer\"><\/div>\n\n\n\n<div class=\"wp-block-image\"><figure class=\"aligncenter size-full\"><img loading=\"lazy\" decoding=\"async\" width=\"949\" height=\"540\" src=\"https:\/\/agroland.ro\/c\/wp-content\/uploads\/2021\/12\/87167583_2753321278069989_3190713813875818496_n.png\" alt=\"\" class=\"wp-image-27545\" srcset=\"https:\/\/agroland.ro\/c\/wp-content\/uploads\/2021\/12\/87167583_2753321278069989_3190713813875818496_n.png 949w, https:\/\/agroland.ro\/c\/wp-content\/uploads\/2021\/12\/87167583_2753321278069989_3190713813875818496_n-300x171.png 300w, https:\/\/agroland.ro\/c\/wp-content\/uploads\/2021\/12\/87167583_2753321278069989_3190713813875818496_n-768x437.png 768w, https:\/\/agroland.ro\/c\/wp-content\/uploads\/2021\/12\/87167583_2753321278069989_3190713813875818496_n-500x285.png 500w\" sizes=\"(max-width: 949px) 100vw, 949px\" \/><\/figure><\/div>\n\n\n\n<p>1.\u00a0<strong>NC 6120 &#8211;<\/strong>\u00a0<strong>Nutre\u021b INTENSIV combinat starter miei <\/strong><br>Administrare: La miei de la 15 zile p\u00e2n\u0103 la \u00een\u021b\u0103rcare <\/p>\n\n\n\n<p>2.\u00a0<strong>NC 6130 &#8211;<\/strong>\u00a0<strong>Nutre\u021b combinat INTENSIV cre\u0219tere miei<\/strong><\/p>\n\n\n\n<p>Administrare: La miei dup\u0103 \u00een\u021b\u0103rcare<\/p>\n","protected":false},"excerpt":{"rendered":"<p>Furajele combinate se folosesc \u00een alimenta\u021bia oilor con\u021bin materii prime de cea mai bun\u0103 calitate, ingrediente nutritive optime pentru buna dezvoltarea a mieilor. Magazinele noastre v\u0103 pun la dispozi\u021bie furaje combinate starter \u0219i furaje combinate pentru cre\u0219tere, potrivite pentru etapele incipiente de dezvoltare a mieilor. 1.\u00a0NC 6120 &#8211;\u00a0Nutre\u021b INTENSIV combinat starter miei Administrare: La miei&hellip; <a class=\"more-link\" href=\"https:\/\/agroland.ro\/c\/furaje-pentru-cresterea-ovinelor\/\">Continu\u0103 lectura <span class=\"screen-reader-text\">Furaje pentru cre\u0219terea ovinelor<\/span><\/a><\/p>\n","protected":false},"author":26,"featured_media":0,"parent":0,"menu_order":0,"comment_status":"closed","ping_status":"closed","template":"templates\/Products.php","meta":{"_acf_changed":false,"_et_pb_use_builder":"","_et_pb_old_content":"","_et_gb_content_width":"","inline_featured_image":false,"footnotes":""},"class_list":["post-27540","page","type-page","status-publish","hentry","entry"],"acf":[],"_links":{"self":[{"href":"https:\/\/agroland.ro\/c\/wp-json\/wp\/v2\/pages\/27540","targetHints":{"allow":["GET"]}}],"collection":[{"href":"https:\/\/agroland.ro\/c\/wp-json\/wp\/v2\/pages"}],"about":[{"href":"https:\/\/agroland.ro\/c\/wp-json\/wp\/v2\/types\/page"}],"author":[{"embeddable":true,"href":"https:\/\/agroland.ro\/c\/wp-json\/wp\/v2\/users\/26"}],"replies":[{"embeddable":true,"href":"https:\/\/agroland.ro\/c\/wp-json\/wp\/v2\/comments?post=27540"}],"version-history":[{"count":4,"href":"https:\/\/agroland.ro\/c\/wp-json\/wp\/v2\/pages\/27540\/revisions"}],"predecessor-version":[{"id":27546,"href":"https:\/\/agroland.ro\/c\/wp-json\/wp\/v2\/pages\/27540\/revisions\/27546"}],"wp:attachment":[{"href":"https:\/\/agroland.ro\/c\/wp-json\/wp\/v2\/media?parent=27540"}],"curies":[{"name":"wp","href":"https:\/\/api.w.org\/{rel}","templated":true}]}}