{"id":27749,"date":"2022-01-06T15:30:52","date_gmt":"2022-01-06T13:30:52","guid":{"rendered":"https:\/\/agroland.ro\/c\/?page_id=27749"},"modified":"2022-01-18T13:56:24","modified_gmt":"2022-01-18T11:56:24","slug":"apicultura","status":"publish","type":"page","link":"https:\/\/agroland.ro\/c\/apicultura\/","title":{"rendered":"Apicultur\u0103"},"content":{"rendered":"\n<p>Bucur\u0103-te de o miere delicioas\u0103 \u0219i s\u0103n\u0103toas\u0103 pentru c\u0103 la Agroland, cresc\u0103torii de albine \u00ee\u0219i g\u0103sesc locul. G\u0103se\u0219ti de la echipamente necesare pentru stupi \u0219i hran\u0103 pentru albine, p\u00e2n\u0103 la haine apicole.<\/p>\n\n\n\n<div style=\"height:18px\" aria-hidden=\"true\" class=\"wp-block-spacer\"><\/div>\n\n\n\n<p>G\u0103se\u0219ti produse apicole \u00een <a href=\"https:\/\/agroland.ro\/c\/magazinele-noastre\/\">magazinele Agroland MEGA<\/a> sau le po\u021bi comanda online, cu livrare \u00een 24-72 de ore.<\/p>\n","protected":false},"excerpt":{"rendered":"<p>Bucur\u0103-te de o miere delicioas\u0103 \u0219i s\u0103n\u0103toas\u0103 pentru c\u0103 la Agroland, cresc\u0103torii de albine \u00ee\u0219i g\u0103sesc locul. G\u0103se\u0219ti de la echipamente necesare pentru stupi \u0219i hran\u0103 pentru albine, p\u00e2n\u0103 la haine apicole. G\u0103se\u0219ti produse apicole \u00een magazinele Agroland MEGA sau le po\u021bi comanda online, cu livrare \u00een 24-72 de ore.<\/p>\n","protected":false},"author":26,"featured_media":0,"parent":0,"menu_order":0,"comment_status":"closed","ping_status":"closed","template":"templates\/Products.php","meta":{"_acf_changed":false,"_et_pb_use_builder":"","_et_pb_old_content":"","_et_gb_content_width":"","inline_featured_image":false,"footnotes":""},"class_list":["post-27749","page","type-page","status-publish","hentry","entry"],"acf":[],"_links":{"self":[{"href":"https:\/\/agroland.ro\/c\/wp-json\/wp\/v2\/pages\/27749","targetHints":{"allow":["GET"]}}],"collection":[{"href":"https:\/\/agroland.ro\/c\/wp-json\/wp\/v2\/pages"}],"about":[{"href":"https:\/\/agroland.ro\/c\/wp-json\/wp\/v2\/types\/page"}],"author":[{"embeddable":true,"href":"https:\/\/agroland.ro\/c\/wp-json\/wp\/v2\/users\/26"}],"replies":[{"embeddable":true,"href":"https:\/\/agroland.ro\/c\/wp-json\/wp\/v2\/comments?post=27749"}],"version-history":[{"count":3,"href":"https:\/\/agroland.ro\/c\/wp-json\/wp\/v2\/pages\/27749\/revisions"}],"predecessor-version":[{"id":28304,"href":"https:\/\/agroland.ro\/c\/wp-json\/wp\/v2\/pages\/27749\/revisions\/28304"}],"wp:attachment":[{"href":"https:\/\/agroland.ro\/c\/wp-json\/wp\/v2\/media?parent=27749"}],"curies":[{"name":"wp","href":"https:\/\/api.w.org\/{rel}","templated":true}]}}