{"id":30111,"date":"2022-04-19T11:24:51","date_gmt":"2022-04-19T08:24:51","guid":{"rendered":"https:\/\/agroland.ro\/c\/?page_id=30111"},"modified":"2024-09-04T09:37:11","modified_gmt":"2024-09-04T06:37:11","slug":"ghiduri-arbusti-decorativi","status":"publish","type":"page","link":"https:\/\/agroland.ro\/c\/ghiduri-arbusti-decorativi\/","title":{"rendered":"Ghiduri Arbu\u0219ti Decorativi"},"content":{"rendered":"\n<div style=\"height:18px\" aria-hidden=\"true\" class=\"wp-block-spacer\"><\/div>\n\n\n\n<figure class=\"wp-block-image size-large is-style-default\"><img loading=\"lazy\" decoding=\"async\" width=\"1024\" height=\"379\" src=\"https:\/\/agroland.ro\/c\/wp-content\/uploads\/2022\/04\/ghiduri-agroland-ingrijire-arbusti-decorativi-1024x379.png\" alt=\"\" class=\"wp-image-30112\" srcset=\"https:\/\/agroland.ro\/c\/wp-content\/uploads\/2022\/04\/ghiduri-agroland-ingrijire-arbusti-decorativi-1024x379.png 1024w, https:\/\/agroland.ro\/c\/wp-content\/uploads\/2022\/04\/ghiduri-agroland-ingrijire-arbusti-decorativi-300x111.png 300w, https:\/\/agroland.ro\/c\/wp-content\/uploads\/2022\/04\/ghiduri-agroland-ingrijire-arbusti-decorativi-768x284.png 768w, https:\/\/agroland.ro\/c\/wp-content\/uploads\/2022\/04\/ghiduri-agroland-ingrijire-arbusti-decorativi-1536x569.png 1536w, https:\/\/agroland.ro\/c\/wp-content\/uploads\/2022\/04\/ghiduri-agroland-ingrijire-arbusti-decorativi-1568x580.png 1568w, https:\/\/agroland.ro\/c\/wp-content\/uploads\/2022\/04\/ghiduri-agroland-ingrijire-arbusti-decorativi-1000x370.png 1000w, https:\/\/agroland.ro\/c\/wp-content\/uploads\/2022\/04\/ghiduri-agroland-ingrijire-arbusti-decorativi-500x185.png 500w, https:\/\/agroland.ro\/c\/wp-content\/uploads\/2022\/04\/ghiduri-agroland-ingrijire-arbusti-decorativi.png 1702w\" sizes=\"(max-width: 1024px) 100vw, 1024px\" \/><\/figure>\n\n\n\n<div style=\"height:18px\" aria-hidden=\"true\" class=\"wp-block-spacer\"><\/div>\n\n\n\n<p>\u27a4 Magnolia \u2013 plantare, t\u0103iere \u0219i \u00eentre\u021binere pe parcursul anului \u00bb <a href=\"https:\/\/agroland.ro\/c\/magnolia-plantare-taiere-si-intretinere-pe-parcursul-anului\/\">Vezi Ghidul<\/a><\/p>\n\n\n\n<div style=\"height:18px\" aria-hidden=\"true\" class=\"wp-block-spacer\"><\/div>\n\n\n\n<p>\u27a4 Liliacul \u2013 plantare, tipuri de arbust, t\u0103ieri \u00bb <a href=\"https:\/\/agroland.ro\/c\/liliacul-plantare-tipuri-de-arbust-taieri\/\">Vezi Ghidul<\/a><\/p>\n\n\n\n<div style=\"height:18px\" aria-hidden=\"true\" class=\"wp-block-spacer\"><\/div>\n\n\n\n<p>\u27a4 Hortensia &#8211; plantare, \u00eengrijire, t\u0103ieri anuale \u00bb <a href=\"https:\/\/agroland.ro\/c\/cum-ingrijim-hortensia\/\">Vezi Ghidul<\/a><\/p>\n\n\n\n<div style=\"height:18px\" aria-hidden=\"true\" class=\"wp-block-spacer\"><\/div>\n\n\n\n<p> \u27a4 Hibiscus Syriacus \u2013 plantarea, t\u0103ierea \u0219i \u00eentre\u021binerea gardului viu \u00bb <a href=\"https:\/\/agroland.ro\/c\/hibiscus-syriacus-plantare-taiere-si-intretinere\/\">Vezi Ghidul<\/a><\/p>\n\n\n\n<div style=\"height:18px\" aria-hidden=\"true\" class=\"wp-block-spacer\"><\/div>\n\n\n\n<p>\u27a4 Clematis &#8211; plantarea, t\u0103ierea \u0219i \u00eengrijirea arbustului ornamental \u00bb <a href=\"https:\/\/agroland.ro\/c\/clematis-plantarea-taierea-si-ingrijirea-arbustului-ornamental\/\">Vezi Ghidul<\/a><\/p>\n\n\n\n<div style=\"height:18px\" aria-hidden=\"true\" class=\"wp-block-spacer\"><\/div>\n\n\n\n<p>\u27a4 Lavanda &#8211; \u00cengrijirea \u0219i t\u0103ierile anuale ale arbu\u0219tilor de lavand\u0103 \u00bb <a href=\"https:\/\/agroland.ro\/c\/ingrijirea-si-taierile-anuale-ale-arbustilor-de-lavanda\/\">Vezi Ghidul<\/a><\/p>\n\n\n<div style=\"height:18px\" aria-hidden=\"true\" class=\"wp-block-spacer\"><\/div>\n\n\n\n<p>\u27a4 Lavanda &#8211; Sfaturi practice \u0219i idei ingenioase pentru plantarea lavandei \u00een gr\u0103din\u0103 \u00bb <a href=\"https:\/\/agroland.ro\/c\/sfaturi-practice-si-idei-ingenioase-pentru-plantarea-lavandei-in-gradina\/\">Vezi Ghidul<\/a><\/p>\n\n\n<div style=\"height:18px\" aria-hidden=\"true\" class=\"wp-block-spacer\"><\/div>\n\n\n\n<p>\u27a4 Cum identifici materialul s\u0103ditor viabil fa\u021b\u0103 de cel uscat?\u00bb <a href=\"https:\/\/agroland.ro\/c\/cum-identifici-materialul-saditor-viabil-fata-de-cel-uscat\/\">Vezi Ghidul<\/a><\/p>\n","protected":false},"excerpt":{"rendered":"<p>\u27a4 Magnolia \u2013 plantare, t\u0103iere \u0219i \u00eentre\u021binere pe parcursul anului \u00bb Vezi Ghidul \u27a4 Liliacul \u2013 plantare, tipuri de arbust, t\u0103ieri \u00bb Vezi Ghidul \u27a4 Hortensia &#8211; plantare, \u00eengrijire, t\u0103ieri anuale \u00bb Vezi Ghidul \u27a4 Hibiscus Syriacus \u2013 plantarea, t\u0103ierea \u0219i \u00eentre\u021binerea gardului viu \u00bb Vezi Ghidul \u27a4 Clematis &#8211; plantarea, t\u0103ierea \u0219i \u00eengrijirea arbustului&hellip; <a class=\"more-link\" href=\"https:\/\/agroland.ro\/c\/ghiduri-arbusti-decorativi\/\">Continu\u0103 lectura <span class=\"screen-reader-text\">Ghiduri Arbu\u0219ti Decorativi<\/span><\/a><\/p>\n","protected":false},"author":26,"featured_media":0,"parent":0,"menu_order":0,"comment_status":"closed","ping_status":"closed","template":"templates\/Products.php","meta":{"_acf_changed":false,"_et_pb_use_builder":"","_et_pb_old_content":"","_et_gb_content_width":"","inline_featured_image":false,"footnotes":""},"class_list":["post-30111","page","type-page","status-publish","hentry","entry"],"acf":[],"_links":{"self":[{"href":"https:\/\/agroland.ro\/c\/wp-json\/wp\/v2\/pages\/30111","targetHints":{"allow":["GET"]}}],"collection":[{"href":"https:\/\/agroland.ro\/c\/wp-json\/wp\/v2\/pages"}],"about":[{"href":"https:\/\/agroland.ro\/c\/wp-json\/wp\/v2\/types\/page"}],"author":[{"embeddable":true,"href":"https:\/\/agroland.ro\/c\/wp-json\/wp\/v2\/users\/26"}],"replies":[{"embeddable":true,"href":"https:\/\/agroland.ro\/c\/wp-json\/wp\/v2\/comments?post=30111"}],"version-history":[{"count":16,"href":"https:\/\/agroland.ro\/c\/wp-json\/wp\/v2\/pages\/30111\/revisions"}],"predecessor-version":[{"id":38456,"href":"https:\/\/agroland.ro\/c\/wp-json\/wp\/v2\/pages\/30111\/revisions\/38456"}],"wp:attachment":[{"href":"https:\/\/agroland.ro\/c\/wp-json\/wp\/v2\/media?parent=30111"}],"curies":[{"name":"wp","href":"https:\/\/api.w.org\/{rel}","templated":true}]}}