{"id":30983,"date":"2022-06-14T15:22:25","date_gmt":"2022-06-14T12:22:25","guid":{"rendered":"https:\/\/agroland.ro\/c\/?page_id=30983"},"modified":"2022-09-06T15:42:34","modified_gmt":"2022-09-06T12:42:34","slug":"concurs-prietenii-agroland","status":"publish","type":"page","link":"https:\/\/agroland.ro\/c\/concurs-prietenii-agroland\/","title":{"rendered":"C\u0103ut\u0103m Prietenii Agroland"},"content":{"rendered":"\n<div style=\"height:18px\" aria-hidden=\"true\" class=\"wp-block-spacer\"><\/div>\n\n\n\n<figure class=\"wp-block-image size-full\"><img loading=\"lazy\" decoding=\"async\" width=\"901\" height=\"351\" src=\"https:\/\/agroland.ro\/c\/wp-content\/uploads\/2022\/06\/Concurss2.png\" alt=\"\" class=\"wp-image-30985\" srcset=\"https:\/\/agroland.ro\/c\/wp-content\/uploads\/2022\/06\/Concurss2.png 901w, https:\/\/agroland.ro\/c\/wp-content\/uploads\/2022\/06\/Concurss2-300x117.png 300w, https:\/\/agroland.ro\/c\/wp-content\/uploads\/2022\/06\/Concurss2-768x299.png 768w, https:\/\/agroland.ro\/c\/wp-content\/uploads\/2022\/06\/Concurss2-500x195.png 500w\" sizes=\"(max-width: 901px) 100vw, 901px\" \/><\/figure>\n\n\n\n<div style=\"height:18px\" aria-hidden=\"true\" class=\"wp-block-spacer\"><\/div>\n\n\n\n<p>Agroland \u00ee\u0219i caut\u0103 prietenii printre toate animalele de companie. Surprinde-\u021bi c\u0103\u021belul sau pisica \u00eentr-o fotografie \u0219i f\u0103-l vedet\u0103. <\/p>\n\n\n\n<div style=\"height:11px\" aria-hidden=\"true\" class=\"wp-block-spacer\"><\/div>\n\n\n\n<p>Trimite-ne imaginea prin formularul de mai jos p\u00e2n\u0103 la data de 31 august \u0219i po\u021bi c\u00e2\u0219tiga urm\u0103toarele premii:<\/p>\n\n\n\n<ul class=\"wp-block-list\"><li>un voucher de 200 lei pentru achizi\u021bionarea de hran\u0103 animalelor de companie<\/li><li>o \u0219edin\u021b\u0103 foto cu animalul t\u0103u de companie<\/li><\/ul>\n\n\n\n<div style=\"height:11px\" aria-hidden=\"true\" class=\"wp-block-spacer\"><\/div>\n\n\n\n<div style=\"height:18px\" aria-hidden=\"true\" class=\"wp-block-spacer\"><\/div>\n\n\n\n<div class=\"wp-block-buttons is-content-justification-center is-layout-flex wp-container-core-buttons-is-layout-16018d1d wp-block-buttons-is-layout-flex\">\n<div class=\"wp-block-button aligncenter\"><a class=\"wp-block-button__link has-white-color has-text-color has-background\" href=\"https:\/\/docs.google.com\/forms\/d\/e\/1FAIpQLSfaC4GXIBVdlOUz--TUy_8Nrn_21SgKznNk3wyFIsh8ihpK9w\/viewform?usp=sf_link\" style=\"border-radius:31px;background-color:#d50032\" rel=\"nofollow noopener\" target=\"_blank\"><strong>\u00cencarc\u0103 poza aici<\/strong><\/a><\/div>\n<\/div>\n\n\n\n<div style=\"height:18px\" aria-hidden=\"true\" class=\"wp-block-spacer\"><\/div>\n\n\n\n<div class=\"wp-block-columns are-vertically-aligned-center is-layout-flex wp-container-core-columns-is-layout-9d6595d7 wp-block-columns-is-layout-flex\">\n<div class=\"wp-block-column is-vertically-aligned-center is-layout-flow wp-block-column-is-layout-flow\" style=\"flex-basis:100%\">\n<div class=\"wp-block-columns is-layout-flex wp-container-core-columns-is-layout-9d6595d7 wp-block-columns-is-layout-flex\">\n<div class=\"wp-block-column is-layout-flow wp-block-column-is-layout-flow\"><div class=\"wp-block-image\">\n<figure class=\"alignleft size-full is-resized\"><img loading=\"lazy\" decoding=\"async\" src=\"https:\/\/agroland.ro\/c\/wp-content\/uploads\/2022\/07\/dog-6.png\" alt=\"\" class=\"wp-image-31190\" width=\"283\" height=\"283\" srcset=\"https:\/\/agroland.ro\/c\/wp-content\/uploads\/2022\/07\/dog-6.png 500w, https:\/\/agroland.ro\/c\/wp-content\/uploads\/2022\/07\/dog-6-300x300.png 300w, https:\/\/agroland.ro\/c\/wp-content\/uploads\/2022\/07\/dog-6-150x150.png 150w\" sizes=\"(max-width: 283px) 100vw, 283px\" \/><figcaption>Luna, c\u00e2\u0219tig\u0103torul lunii iulie<\/figcaption><\/figure>\n<\/div>\n\n<div class=\"wp-block-image\">\n<figure class=\"alignright size-large is-resized\"><img loading=\"lazy\" decoding=\"async\" src=\"https:\/\/agroland.ro\/c\/wp-content\/uploads\/2022\/08\/inbound4413562106973488382-Cristina-Dumbraveanu-768x1024.jpg\" alt=\"\" class=\"wp-image-31328\" width=\"283\" height=\"378\" srcset=\"https:\/\/agroland.ro\/c\/wp-content\/uploads\/2022\/08\/inbound4413562106973488382-Cristina-Dumbraveanu-768x1024.jpg 768w, https:\/\/agroland.ro\/c\/wp-content\/uploads\/2022\/08\/inbound4413562106973488382-Cristina-Dumbraveanu-225x300.jpg 225w, https:\/\/agroland.ro\/c\/wp-content\/uploads\/2022\/08\/inbound4413562106973488382-Cristina-Dumbraveanu-1152x1536.jpg 1152w, https:\/\/agroland.ro\/c\/wp-content\/uploads\/2022\/08\/inbound4413562106973488382-Cristina-Dumbraveanu-1536x2048.jpg 1536w, https:\/\/agroland.ro\/c\/wp-content\/uploads\/2022\/08\/inbound4413562106973488382-Cristina-Dumbraveanu-1568x2091.jpg 1568w, https:\/\/agroland.ro\/c\/wp-content\/uploads\/2022\/08\/inbound4413562106973488382-Cristina-Dumbraveanu-750x1000.jpg 750w, https:\/\/agroland.ro\/c\/wp-content\/uploads\/2022\/08\/inbound4413562106973488382-Cristina-Dumbraveanu-375x500.jpg 375w, https:\/\/agroland.ro\/c\/wp-content\/uploads\/2022\/08\/inbound4413562106973488382-Cristina-Dumbraveanu-scaled.jpg 1920w\" sizes=\"(max-width: 283px) 100vw, 283px\" \/><figcaption>Max, c\u00e2\u0219tig\u0103torul lunii august<\/figcaption><\/figure>\n<\/div>\n\n<div class=\"wp-block-image\">\n<figure class=\"alignright size-large is-resized\"><img loading=\"lazy\" decoding=\"async\" src=\"https:\/\/agroland.ro\/c\/wp-content\/uploads\/2022\/09\/89CA91BD-B644-46CD-A3BC-C59F5EB2F954-ALM-Expert-Contab-577x1024.jpeg\" alt=\"\" class=\"wp-image-31647\" width=\"278\" height=\"496\"\/><figcaption>Rhoua si Juni, c\u00e2\u0219tig\u0103torii lunii septembrie<\/figcaption><\/figure>\n<\/div><\/div>\n<\/div>\n<\/div>\n<\/div>\n\n\n\n<div style=\"height:18px\" aria-hidden=\"true\" class=\"wp-block-spacer\"><\/div>\n\n\n\n<div class=\"wp-block-buttons is-layout-flex wp-block-buttons-is-layout-flex\"><\/div>\n\n\n\n<div class=\"wp-block-buttons is-layout-flex wp-block-buttons-is-layout-flex\">\n<div class=\"wp-block-button aligncenter\"><a class=\"wp-block-button__link has-white-color has-text-color has-background\" href=\"https:\/\/agroland.ro\/c\/regulament-concurs-prietenii-agroland\/\" style=\"border-radius:98px;background-color:#d50032\">Regulament Concurs<\/a><\/div>\n<\/div>\n","protected":false},"excerpt":{"rendered":"<p>Agroland \u00ee\u0219i caut\u0103 prietenii printre toate animalele de companie. Surprinde-\u021bi c\u0103\u021belul sau pisica \u00eentr-o fotografie \u0219i f\u0103-l vedet\u0103. Trimite-ne imaginea prin formularul de mai jos p\u00e2n\u0103 la data de 31 august \u0219i po\u021bi c\u00e2\u0219tiga urm\u0103toarele premii: un voucher de 200 lei pentru achizi\u021bionarea de hran\u0103 animalelor de companie o \u0219edin\u021b\u0103 foto cu animalul t\u0103u de&hellip; <a class=\"more-link\" href=\"https:\/\/agroland.ro\/c\/concurs-prietenii-agroland\/\">Continu\u0103 lectura <span class=\"screen-reader-text\">C\u0103ut\u0103m Prietenii Agroland<\/span><\/a><\/p>\n","protected":false},"author":26,"featured_media":30985,"parent":0,"menu_order":0,"comment_status":"closed","ping_status":"closed","template":"templates\/Products.php","meta":{"_acf_changed":false,"_et_pb_use_builder":"","_et_pb_old_content":"","_et_gb_content_width":"","inline_featured_image":false,"footnotes":""},"class_list":["post-30983","page","type-page","status-publish","has-post-thumbnail","hentry","entry"],"acf":[],"_links":{"self":[{"href":"https:\/\/agroland.ro\/c\/wp-json\/wp\/v2\/pages\/30983","targetHints":{"allow":["GET"]}}],"collection":[{"href":"https:\/\/agroland.ro\/c\/wp-json\/wp\/v2\/pages"}],"about":[{"href":"https:\/\/agroland.ro\/c\/wp-json\/wp\/v2\/types\/page"}],"author":[{"embeddable":true,"href":"https:\/\/agroland.ro\/c\/wp-json\/wp\/v2\/users\/26"}],"replies":[{"embeddable":true,"href":"https:\/\/agroland.ro\/c\/wp-json\/wp\/v2\/comments?post=30983"}],"version-history":[{"count":29,"href":"https:\/\/agroland.ro\/c\/wp-json\/wp\/v2\/pages\/30983\/revisions"}],"predecessor-version":[{"id":31653,"href":"https:\/\/agroland.ro\/c\/wp-json\/wp\/v2\/pages\/30983\/revisions\/31653"}],"wp:featuredmedia":[{"embeddable":true,"href":"https:\/\/agroland.ro\/c\/wp-json\/wp\/v2\/media\/30985"}],"wp:attachment":[{"href":"https:\/\/agroland.ro\/c\/wp-json\/wp\/v2\/media?parent=30983"}],"curies":[{"name":"wp","href":"https:\/\/api.w.org\/{rel}","templated":true}]}}