{"id":37391,"date":"2024-04-08T09:15:42","date_gmt":"2024-04-08T06:15:42","guid":{"rendered":"https:\/\/agroland.ro\/c\/?page_id=37391"},"modified":"2024-04-10T09:30:02","modified_gmt":"2024-04-10T06:30:02","slug":"%f0%9f%8c%bc-concurs-special-la-expoflora-%f0%9f%8e%89","status":"publish","type":"page","link":"https:\/\/agroland.ro\/c\/%f0%9f%8c%bc-concurs-special-la-expoflora-%f0%9f%8e%89\/","title":{"rendered":"? Concurs Special la Expoflora! ?"},"content":{"rendered":"\n<figure class=\"wp-block-image size-large\"><a href=\"https:\/\/form.jotform.com\/240521622926351\" target=\"_blank\" rel=\"noreferrer noopener nofollow\"><img loading=\"lazy\" decoding=\"async\" width=\"1024\" height=\"507\" src=\"https:\/\/agroland.ro\/c\/wp-content\/uploads\/2024\/04\/Banner_Vlad-site-9-1024x507.png\" alt=\"\" class=\"wp-image-37371\" srcset=\"https:\/\/agroland.ro\/c\/wp-content\/uploads\/2024\/04\/Banner_Vlad-site-9-1024x507.png 1024w, https:\/\/agroland.ro\/c\/wp-content\/uploads\/2024\/04\/Banner_Vlad-site-9-300x149.png 300w, https:\/\/agroland.ro\/c\/wp-content\/uploads\/2024\/04\/Banner_Vlad-site-9-768x380.png 768w, https:\/\/agroland.ro\/c\/wp-content\/uploads\/2024\/04\/Banner_Vlad-site-9-1000x495.png 1000w, https:\/\/agroland.ro\/c\/wp-content\/uploads\/2024\/04\/Banner_Vlad-site-9-500x248.png 500w, https:\/\/agroland.ro\/c\/wp-content\/uploads\/2024\/04\/Banner_Vlad-site-9.png 1080w\" sizes=\"(max-width: 1024px) 100vw, 1024px\" \/><\/a><\/figure>\n\n\n\n<p class=\"has-text-align-center\">\u00cen cadrul expozi\u021biei Expoflora, desf\u0103\u0219urat\u0103 \u00eentre 11-14 Aprilie, avem pl\u0103cerea s\u0103 v\u0103 oferim \u0219ansa de a c\u00e2\u0219tiga unul dintre cele 33 de vouchere, fiecare \u00een valoare de 100 lei, ce pot fi folosite \u00een magazinele participante la eveniment.<\/p>\n\n\n\n<p class=\"has-text-align-center\">Pentru a participa, este suficient s\u0103 face\u021bi cump\u0103r\u0103turi de minimum 50 lei din oricare dintre magazinele participante \u0219i s\u0103 \u00eenregistra\u021bi bonul de cump\u0103r\u0103turi \u00een formularul nostru de concurs disponibil la standurile de informare \u0219i online.<\/p>\n\n\n\n<p class=\"has-text-align-center\">Cum s\u0103 participi:<\/p>\n\n\n\n<p class=\"has-text-align-center\">Cump\u0103r\u0103 produse \u00een valoare de minim 50 lei din magazinele participante.<br>\u00censcrie bonul \u00een formularul nostru de concurs.<br>A\u0219teapt\u0103 tragerea la sor\u021bi \u0219i po\u021bi fi unul dintre cei 33 de c\u00e2\u0219tig\u0103tori ai voucherelor de 100 lei fiecare!<\/p>\n\n\n\n<div class=\"wp-block-buttons has-custom-font-size has-large-font-size is-horizontal is-content-justification-center is-nowrap is-layout-flex wp-container-core-buttons-is-layout-fc65f29c wp-block-buttons-is-layout-flex\">\n<div class=\"wp-block-button has-custom-width wp-block-button__width-50 has-custom-font-size is-style-fill has-large-font-size\"><a class=\"wp-block-button__link has-white-color has-text-color has-background has-link-color has-text-align-center wp-element-button\" href=\"https:\/\/form.jotform.com\/240521622926351\" style=\"border-radius:52px;background-color:#d50032;padding-top:var(--wp--preset--spacing--20);padding-right:0;padding-bottom:var(--wp--preset--spacing--20);padding-left:0\" target=\"_blank\" rel=\"noreferrer noopener nofollow\">\u00censcrie-te aici<\/a><\/div>\n<\/div>\n\n\n\n<div style=\"height:25px\" aria-hidden=\"true\" class=\"wp-block-spacer\"><\/div>\n\n\n\n<p class=\"has-text-align-center has-normal-font-size\">? ?????????? ????????????:<\/p>\n\n\n\n<div class=\"wp-block-interactive-geo-maps-display-map\"><div class=\"map_wrapper\" id=\"map_wrapper_37343\">\n<div class=\"map_box\" style=\"max-width:2000px\">\n<div class=\"map_aspect_ratio\" style=\"padding-top:50%\" data-padding-top=\"50%\" data-padding-top-mobile=\"0%\">\n<div class=\"map_container\">\n<div class=\"map_render map_loading\" id=\"map_37343\"><\/div>\n<\/div>\n<\/div>\n<\/div>\n<\/div><\/div>\n\n\n\n<div style=\"height:25px\" aria-hidden=\"true\" class=\"wp-block-spacer\"><\/div>\n\n\n\n<p class=\"has-text-align-center\">?Agroland MEGA Afuma\u021bi (<a href=\"https:\/\/agroland.ro\/c\/magazinele-noastre\/magazin\/agroland-mega-afumati\/\" data-type=\"link\" data-id=\"https:\/\/agroland.ro\/c\/magazinele-noastre\/magazin\/agroland-mega-afumati\/\" target=\"_blank\" rel=\"noreferrer noopener\">Click pentru detalii<\/a>)<br>?Agroland MEGA Bal\u0219 (<a href=\"https:\/\/agroland.ro\/c\/magazinele-noastre\/magazin\/agroland-mega-bals\/\" data-type=\"link\" data-id=\"https:\/\/agroland.ro\/c\/magazinele-noastre\/magazin\/agroland-mega-bals\/\" target=\"_blank\" rel=\"noreferrer noopener\">Click pentru detalii<\/a>)<br>?Agroland MEGA B\u00e2rlad (<a href=\"https:\/\/agroland.ro\/c\/magazinele-noastre\/magazin\/agroland-mega-barlad\/\" data-type=\"link\" data-id=\"https:\/\/agroland.ro\/c\/magazinele-noastre\/magazin\/agroland-mega-barlad\/\" target=\"_blank\" rel=\"noreferrer noopener\">Click pentru detalii<\/a>)<br>?Agroland MEGA Bolintin Vale (<a href=\"https:\/\/agroland.ro\/c\/magazinele-noastre\/magazin\/agroland-mega-bolintin-vale\/\" data-type=\"link\" data-id=\"https:\/\/agroland.ro\/c\/magazinele-noastre\/magazin\/agroland-mega-bolintin-vale\/\" target=\"_blank\" rel=\"noreferrer noopener\">Click pentru detalii<\/a>)<br>?Agroland Boto\u0219ani 2 (<a href=\"https:\/\/agroland.ro\/c\/magazinele-noastre\/magazin\/agroland-botosani-2\/\" data-type=\"link\" data-id=\"https:\/\/agroland.ro\/c\/magazinele-noastre\/magazin\/agroland-botosani-2\/\" target=\"_blank\" rel=\"noreferrer noopener\">Click pentru detalii<\/a>)<br>?Agroland MEGA Br\u0103ila (<a href=\"https:\/\/agroland.ro\/c\/magazinele-noastre\/magazin\/agroland-mega-braila\/\" data-type=\"link\" data-id=\"https:\/\/agroland.ro\/c\/magazinele-noastre\/magazin\/agroland-mega-braila\/\" target=\"_blank\" rel=\"noreferrer noopener\">Click pentru detalii<\/a>)<br>?Agroland MEGA Bucure\u0219ti 1 (<a href=\"https:\/\/agroland.ro\/c\/magazinele-noastre\/magazin\/agroland-mega-bucuresti\/\" data-type=\"link\" data-id=\"https:\/\/agroland.ro\/c\/magazinele-noastre\/magazin\/agroland-mega-bucuresti\/\" target=\"_blank\" rel=\"noreferrer noopener\">Click pentru detalii<\/a>)<br>?Agroland Buhu\u0219i (<a href=\"https:\/\/agroland.ro\/c\/magazinele-noastre\/magazin\/agroland-buhusi\/\" data-type=\"link\" data-id=\"https:\/\/agroland.ro\/c\/magazinele-noastre\/magazin\/agroland-buhusi\/\" target=\"_blank\" rel=\"noreferrer noopener\">Click pentru detalii<\/a>)<br>?Agroland MEGA Caracal (<a href=\"https:\/\/agroland.ro\/c\/magazinele-noastre\/magazin\/agroland-mega-caracal\/\" data-type=\"link\" data-id=\"https:\/\/agroland.ro\/c\/magazinele-noastre\/magazin\/agroland-mega-caracal\/\" target=\"_blank\" rel=\"noreferrer noopener\">Click pentru detalii<\/a>)<br>?Agroland MEGA C\u00e2mpulung (<a href=\"https:\/\/agroland.ro\/c\/magazinele-noastre\/magazin\/agroland-mega-campulung\/\" data-type=\"link\" data-id=\"https:\/\/agroland.ro\/c\/magazinele-noastre\/magazin\/agroland-mega-campulung\/\" target=\"_blank\" rel=\"noreferrer noopener\">Click pentru detalii<\/a>)<br>?Agroland Cobadin (<a href=\"https:\/\/agroland.ro\/c\/magazinele-noastre\/magazin\/agroland-cobadin\/\" data-type=\"link\" data-id=\"https:\/\/agroland.ro\/c\/magazinele-noastre\/magazin\/agroland-cobadin\/\" target=\"_blank\" rel=\"noreferrer noopener\">Click pentru detalii<\/a>)<br>?Agroland MEGA Domne\u0219ti (<a href=\"https:\/\/agroland.ro\/c\/magazinele-noastre\/magazin\/agroland-mega-domnesti\/\" data-type=\"link\" data-id=\"https:\/\/agroland.ro\/c\/magazinele-noastre\/magazin\/agroland-mega-domnesti\/\" target=\"_blank\" rel=\"noreferrer noopener\">Click pentru detalii<\/a>)<br>?Agroland Dorohoi (<a href=\"https:\/\/agroland.ro\/c\/magazinele-noastre\/magazin\/agroland-dorohoi-2\/\" data-type=\"link\" data-id=\"https:\/\/agroland.ro\/c\/magazinele-noastre\/magazin\/agroland-dorohoi-2\/\" target=\"_blank\" rel=\"noreferrer noopener\">Click pentru detalii<\/a>)<br>?Agroland MEGA Dumbr\u0103vi\u021ba (<a href=\"https:\/\/agroland.ro\/c\/magazinele-noastre\/magazin\/agroland-dumbravita\/\" data-type=\"link\" data-id=\"https:\/\/agroland.ro\/c\/magazinele-noastre\/magazin\/agroland-dumbravita\/\" target=\"_blank\" rel=\"noreferrer noopener\">Click pentru detalii<\/a>)<br>?Agroland Drobeta Turnu Severin 1 (<a href=\"https:\/\/agroland.ro\/c\/magazinele-noastre\/magazin\/agroland-drobeta-turnu-severin-3\/\" data-type=\"link\" data-id=\"https:\/\/agroland.ro\/c\/magazinele-noastre\/magazin\/agroland-drobeta-turnu-severin-3\/\" target=\"_blank\" rel=\"noreferrer noopener\">Click pentru detalii<\/a>)<br>?Agroland Fierbin\u021bi T\u00e2rg (<a href=\"https:\/\/agroland.ro\/c\/magazinele-noastre\/magazin\/agroland-fierbinti-targ\/\" data-type=\"link\" data-id=\"https:\/\/agroland.ro\/c\/magazinele-noastre\/magazin\/agroland-fierbinti-targ\/\" target=\"_blank\" rel=\"noreferrer noopener\">Click pentru detalii<\/a>)<br>?Agroland MEGA G\u0103e\u0219ti (<a href=\"https:\/\/agroland.ro\/c\/magazinele-noastre\/magazin\/agroland-gaesti\/\" data-type=\"link\" data-id=\"https:\/\/agroland.ro\/c\/magazinele-noastre\/magazin\/agroland-gaesti\/\" target=\"_blank\" rel=\"noreferrer noopener\">Click pentru detalii<\/a>)<br>?Agroland MEGA Hu\u0219i (<a href=\"https:\/\/agroland.ro\/c\/magazinele-noastre\/magazin\/agroland-husi\/\" data-type=\"link\" data-id=\"https:\/\/agroland.ro\/c\/magazinele-noastre\/magazin\/agroland-husi\/\" target=\"_blank\" rel=\"noreferrer noopener\">Click pentru detalii<\/a>)<br>?Agroland MEGA Ianca (<a href=\"https:\/\/agroland.ro\/c\/magazinele-noastre\/magazin\/agroland-ianca\/\" data-type=\"link\" data-id=\"https:\/\/agroland.ro\/c\/magazinele-noastre\/magazin\/agroland-ianca\/\" target=\"_blank\" rel=\"noreferrer noopener\">Click pentru detalii<\/a>)<br>?Agroland MEGA Lie\u0219ti (<a href=\"https:\/\/agroland.ro\/c\/magazinele-noastre\/magazin\/agroland-mega-liesti\/\" data-type=\"link\" data-id=\"https:\/\/agroland.ro\/c\/magazinele-noastre\/magazin\/agroland-mega-liesti\/\" target=\"_blank\" rel=\"noreferrer noopener\">Click pentru detalii<\/a>)<br>?Agroland MEGA Lugoj (<a href=\"https:\/\/agroland.ro\/c\/magazinele-noastre\/magazin\/agroland-mega-lugoj\/\" data-type=\"link\" data-id=\"https:\/\/agroland.ro\/c\/magazinele-noastre\/magazin\/agroland-mega-lugoj\/\" target=\"_blank\" rel=\"noreferrer noopener\">Click pentru detalii<\/a>)<\/p>\n","protected":false},"excerpt":{"rendered":"<p>\u00cen cadrul expozi\u021biei Expoflora, desf\u0103\u0219urat\u0103 \u00eentre 11-14 Aprilie, avem pl\u0103cerea s\u0103 v\u0103 oferim \u0219ansa de a c\u00e2\u0219tiga unul dintre cele 33 de vouchere, fiecare \u00een valoare de 100 lei, ce pot fi folosite \u00een magazinele participante la eveniment. Pentru a participa, este suficient s\u0103 face\u021bi cump\u0103r\u0103turi de minimum 50 lei din oricare dintre magazinele participante&hellip; <a class=\"more-link\" href=\"https:\/\/agroland.ro\/c\/%f0%9f%8c%bc-concurs-special-la-expoflora-%f0%9f%8e%89\/\">Continu\u0103 lectura <span class=\"screen-reader-text\">? Concurs Special la Expoflora! ?<\/span><\/a><\/p>\n","protected":false},"author":25,"featured_media":0,"parent":0,"menu_order":0,"comment_status":"closed","ping_status":"closed","template":"templates\/Products.php","meta":{"_acf_changed":false,"_et_pb_use_builder":"","_et_pb_old_content":"","_et_gb_content_width":"","inline_featured_image":false,"footnotes":""},"class_list":["post-37391","page","type-page","status-publish","hentry","entry"],"acf":[],"_links":{"self":[{"href":"https:\/\/agroland.ro\/c\/wp-json\/wp\/v2\/pages\/37391","targetHints":{"allow":["GET"]}}],"collection":[{"href":"https:\/\/agroland.ro\/c\/wp-json\/wp\/v2\/pages"}],"about":[{"href":"https:\/\/agroland.ro\/c\/wp-json\/wp\/v2\/types\/page"}],"author":[{"embeddable":true,"href":"https:\/\/agroland.ro\/c\/wp-json\/wp\/v2\/users\/25"}],"replies":[{"embeddable":true,"href":"https:\/\/agroland.ro\/c\/wp-json\/wp\/v2\/comments?post=37391"}],"version-history":[{"count":2,"href":"https:\/\/agroland.ro\/c\/wp-json\/wp\/v2\/pages\/37391\/revisions"}],"predecessor-version":[{"id":37422,"href":"https:\/\/agroland.ro\/c\/wp-json\/wp\/v2\/pages\/37391\/revisions\/37422"}],"wp:attachment":[{"href":"https:\/\/agroland.ro\/c\/wp-json\/wp\/v2\/media?parent=37391"}],"curies":[{"name":"wp","href":"https:\/\/api.w.org\/{rel}","templated":true}]}}