{"id":545,"date":"2021-07-26T15:31:27","date_gmt":"2021-07-26T12:31:27","guid":{"rendered":"https:\/\/agroland.ro\/c\/?page_id=545"},"modified":"2024-11-19T22:01:15","modified_gmt":"2024-11-19T20:01:15","slug":"blog","status":"publish","type":"page","link":"https:\/\/agroland.ro\/c\/blog\/","title":{"rendered":"Blog"},"content":{"rendered":"\n<p>Bine ai venit pe blog-ul Agroland! Aici vei g\u0103si idei \u0219i informa\u021bii valoroase, verificate de speciali\u0219ti, despre cum s\u0103:<\/p>\n\n\n\n<ul class=\"wp-block-list\">\n<li>ai grij\u0103 \u00een mod corect de animalele tale de companie<\/li>\n\n\n\n<li>dezvol\u021bi o gr\u0103din\u0103 \u0219i livad\u0103 productiv\u0103, fie c\u0103 e\u0219ti la \u00eenceputul gr\u0103din\u0103ritului sau e\u0219ti deja expert<\/li>\n\n\n\n<li>cre\u0219ti p\u0103s\u0103ri \u0219i animale s\u0103n\u0103toase \u00een gospod\u0103rie<\/li>\n\n\n\n<li>\u00eengrije\u0219ti corespunz\u0103tor plantele din interior<\/li>\n\n\n\n<li>porumbei s\u0103n\u0103to\u0219i \u0219i preg\u0103ti\u021bi pentru concursuri<\/li>\n\n\n\n<li>preg\u0103te\u0219ti re\u021bete delicioase <\/li>\n\n\n\n<li>informa\u021bii amuzante pe care poate nu le \u0219tiai <\/li>\n<\/ul>\n","protected":false},"excerpt":{"rendered":"<p>Bine ai venit pe blog-ul Agroland! Aici vei g\u0103si idei \u0219i informa\u021bii valoroase, verificate de speciali\u0219ti, despre cum s\u0103:<\/p>\n","protected":false},"author":1,"featured_media":0,"parent":0,"menu_order":0,"comment_status":"closed","ping_status":"closed","template":"templates\/Blog.php","meta":{"_acf_changed":false,"_et_pb_use_builder":"","_et_pb_old_content":"","_et_gb_content_width":"","inline_featured_image":false,"footnotes":""},"class_list":["post-545","page","type-page","status-publish","hentry","entry"],"acf":[],"_links":{"self":[{"href":"https:\/\/agroland.ro\/c\/wp-json\/wp\/v2\/pages\/545","targetHints":{"allow":["GET"]}}],"collection":[{"href":"https:\/\/agroland.ro\/c\/wp-json\/wp\/v2\/pages"}],"about":[{"href":"https:\/\/agroland.ro\/c\/wp-json\/wp\/v2\/types\/page"}],"author":[{"embeddable":true,"href":"https:\/\/agroland.ro\/c\/wp-json\/wp\/v2\/users\/1"}],"replies":[{"embeddable":true,"href":"https:\/\/agroland.ro\/c\/wp-json\/wp\/v2\/comments?post=545"}],"version-history":[{"count":29,"href":"https:\/\/agroland.ro\/c\/wp-json\/wp\/v2\/pages\/545\/revisions"}],"predecessor-version":[{"id":36982,"href":"https:\/\/agroland.ro\/c\/wp-json\/wp\/v2\/pages\/545\/revisions\/36982"}],"wp:attachment":[{"href":"https:\/\/agroland.ro\/c\/wp-json\/wp\/v2\/media?parent=545"}],"curies":[{"name":"wp","href":"https:\/\/api.w.org\/{rel}","templated":true}]}}